 Let d(r) = -3*r - 21. Determine d(j).
3
Let b(a) = -a**3 - 6*a**2 - 3*a - 4. Let v(y) = y**3 + 5*y**2 + 2*y + 3. Let k(q) = -2*b(q) - 3*v(q). Let i = -2414 + 2411. Give k(i).
-1
Let p(n) = -n + 44*n**2 - n**3 - 78*n**2 + 36*n**2. Suppose -f = -0*f - 10. Let v = -9 + f. Give p(v).
0
Let y(b) be the first derivative of b**3/3 - b**2/2 + 5*b - 4. Let k be y(13). Let h(i) = 154*i + 1 - k*i + 0. Give h(1).
-6
Let b(j) be the third derivative of -1/15*j**5 - 1/120*j**6 - 1/6*j**3 + 1/8*j**4 + 0*j + 39*j**2 + 0. Calculate b(2).
-19
Let x(t) = -t**3 + t - 2. Let f(m) = 4*m**3 - 4*m**2 + 4. Let w(k) = -f(k) - 3*x(k). Give w(3).
2
Let z(d) = -20 + d + 3*d + 8*d + 9*d**2 + 17 + 2*d + d**3. Determine z(-7).
-3
Let i(r) = -8*r**2 - r. Let b(m) = 2*m + 33. Let x be b(-15). Suppose c - 3*j = -3*c + 21, -x*j = 3*c - 42. Suppose c*g + 7 = 2*g. Calculate i(g).
-7
Let j(x) = x**2 + x - 1. Let v = 14 + -16. Let f be 1 + 0 + (-6)/v. Suppose y = 2*y + f. Determine j(y).
11
Let q(p) = p**3 + 19*p**2 - 46*p - 42. Let g be q(-21). Let m be (22/(-33))/((-2)/g*-2). Let x(f) = -f**2 - 5*f + 10. Calculate x(m).
-4
Let x(j) be the first derivative of -7*j**3/6 + j**2 + 20*j - 7. Let n(o) be the first derivative of x(o). Calculate n(2).
-12
Suppose -3*b - r - 2*r + 33 = 0, 4*b - 23 = 3*r. Suppose b*z - 28 = z. Let k(m) = m**2 - m + 2. Calculate k(z).
14
Suppose -14 - 49 = -3*z. Let d(q) = -q**3 + 20*q**2 + 20*q + 21. What is d(z)?
0
Suppose 0*v = -5*v - 2*f + 8, -v = -4*f - 6. Let z(b) = -4*b + 1 - b + 2*b + v*b. What is z(1)?
0
Let m(d) be the third derivative of d**6/120 + d**4/24 - 2*d**3/3 + d**2 - 7*d. Calculate m(0).
-4
Let w(j) = -12*j**2 - j. Suppose 6*t = 3*x + t - 16, -3*t = 15. Let y be -4 + 6 + -5 - (-1 + x). Determine w(y).
-13
Let q be (45/(-6))/(9/(-12)). Suppose -3*a = -q + 1. Let t(b) = 4*b - 2*b + b**2 - 2*b - b**a + 1. Determine t(2).
-3
Let s(c) = -c**3 - c**2 + 21. Let b be 5/40*8*0. Calculate s(b).
21
Suppose 28 = -5*g + 8. Let w(v) be the third derivative of v**5/60 + v**4/8 - v**3/6 + 50*v**2. Give w(g).
3
Suppose -2*h = -3*u + 4*u + 1, 5 = -5*h. Let m(v) = 7*v - 10. Let c(d) = 4*d - 6. Let q(k) = -5*c(k) + 3*m(k). Calculate q(u).
1
Let y(n) = -14*n**3 + n**2 + 7*n + 5. Let z(i) = 8*i**3 - 3*i - 2. Let a(l) = -2*y(l) - 5*z(l). Determine a(1).
-13
Let w(m) = 3*m - 45. Suppose 0 = -z + 2*t + 7, 4*z + 3*t = t + 68. Determine w(z).
0
Let f be 105/(-10)*(-4 - 48/(-14)). Let x(h) = -h**2 + 2*h - 6. Calculate x(f).
-30
Let h(y) = 5*y**3 - 24*y**2 - 27*y - 20. Let d(g) = -9*g**3 + 47*g**2 + 55*g + 39. Let v(p) = -6*d(p) - 11*h(p). What is v(-16)?
2
Let n(o) = 4*o**2 + 12 - 20 - 10*o**2 - o**3 - 1 + 6*o. Suppose 4*g - 5*g = 7. Calculate n(g).
-2
Let z be -2 + -5*8/(-40). Let j(o) = o**2 + 3*o + 4. Let n(h) = -h**2 - h - 1. Let i(f) = f**2. Let w be i(-2). Let v(m) = w*n(m) + j(m). What is v(z)?
-2
Let o be (-1)/((1/3)/1). Let v be 18/6 - (1 - -1). Let w(b) = -v + 8*b - 14*b + 3*b. What is w(o)?
8
Let w(u) = -u + 4. Let i(x) = 3*x - 9. Let b(p) = -4*i(p) - 10*w(p). Let g(l) = -l - 4. Let d(y) = -3*b(y) + 4*g(y). What is d(3)?
2
Let j(b) = b + 2. Let l(k) = -k**2 + 15*k - 11. Let r be l(13). Let x be (-3 - r/(-10))*2. Give j(x).
-1
Suppose 6 = z - 0*z. Suppose -3*p + 5*p = z. Let f(k) = 2 - k + 3*k - 3 + 2 - k**2. Calculate f(p).
-2
Let d(c) = -c**3 + 9*c**2 - c + 13. Let w(r) = 2*r**2 + 2*r - 15. Let u be w(-4). Let q be d(u). Let t(o) = -o - 1. Calculate t(q).
-5
Let c(u) = -13. Let g(o) = -o - 1. Let q(p) = -c(p) - 2*g(p). Give q(-10).
-5
Let g(h) = 0 + 0 + 0 + 1 - 5*h - h. Give g(-3).
19
Let k be ((-1)/(-4) - 5/(-20))*6. Suppose -2*d + 5*d - 3*t + 30 = 0, -k*d - 5*t - 22 = 0. Let a(b) = -b + 8. Calculate a(d).
17
Let z(u) = -u - 4. Suppose -532*v + 530*v - 4 = 0. Calculate z(v).
-2
Let b(u) = 4*u - 3. Let z(y) = -y**2 - 8*y - 9. Let c be z(-6). Suppose -3*p + c*w = -p + 11, 22 = p + 4*w. Give b(p).
5
Let i(z) = -3*z**2 - z + 1. Let m(n) = 17*n**2 + 10*n + 1. Let d(x) = 6*i(x) + m(x). Let k(s) = 6*s**3 + s**2 - s. Let w be k(1). What is d(w)?
-5
Let i(b) = b - 6. Let y(w) = w**3 - 2*w**2 - 21*w - 15. Let f be y(-3). Determine i(f).
-3
Let x(z) = -z + 4. Suppose -37 = 3*v + 2*p, 0 = 3*p - 2*p - 1. Let w = 13 + v. What is x(w)?
4
Let y(a) be the first derivative of -a**3/3 + a + 123. Give y(1).
0
Let i(v) = 923 - 4*v - 6*v - v**3 + 10*v**2 - 918. Calculate i(9).
-4
Let j(o) be the third derivative of -o**5/60 - o**4/24 + 2*o**3/3 + 2*o**2. Let r = 32 + -26. Let u = r + -6. What is j(u)?
4
Suppose l = 5*l - 12. Let w(a) = -a + 5*a - l*a + 45 - 56. Determine w(0).
-11
Let f be 10/(-25) - (64/(-10) + 2). Let c(l) = -2*l**2 + 6*l - 1. Determine c(f).
-9
Let w(i) = -2*i - 34. Let q be ((-2)/((-8)/(-10)))/(1/8). Let f be w(q). Let j(g) = -g**2 + 7*g + 4. What is j(f)?
10
Let d(z) be the first derivative of -2*z - 22. Let m(s) = s + 7. Let l(t) = -7*d(t) - 2*m(t). Calculate l(8).
-16
Suppose 5*s = -3*s - 64. Let v(j) = -j - 11. Let g be v(s). Let y(l) = -l**2 + l + 1. Calculate y(g).
-11
Let r(d) = -2*d**2 - 1. Let i be ((-2)/(-4))/((-1)/14). Let g be (-7 - i)/((-4)/(-2)). Suppose 3*y + 6 = -g. What is r(y)?
-9
Let d be (-1)/(-5)*135/540. Let p(a) be the third derivative of -d*a**5 + 0 - 1/12*a**4 + 0*a - 7*a**2 - 1/120*a**6 - 1/3*a**3. Determine p(-3).
4
Let l(c) = -32*c + 9*c + 7*c**2 + 10*c + 5*c - 6*c**2. What is l(7)?
-7
Let m(y) = 10*y + 39. Let q(v) = -3*v - 14. Let g(u) = 2*m(u) + 7*q(u). What is g(-11)?
-9
Let h(b) be the third derivative of b**5/60 + b**4/4 - 369*b**2 + 2*b. Suppose 3*l + 3*p - 2*p = -15, 0 = -p + 3. What is h(l)?
0
Let d(l) = 8 + 0 + 2*l - 3*l. Let h(w) = 4*w - 3. Let k be h(3). What is d(k)?
-1
Suppose 3*q - 24 = -3*c, 4*q - 3*c = 2*c + 5. Let d be (-30)/q*1/(-3). Suppose 8*b + d = 6*b. Let h(i) = 12*i**2 + i + 1. Determine h(b).
12
Let j(q) = -7*q**3 + 10*q**2 - 5*q - 7. Let m(v) = 8*v**3 - 11*v**2 + 6*v + 8. Suppose 0 = -4*f - 19 - 5. Let o(p) = f*m(p) - 7*j(p). What is o(4)?
-3
Let y = 676 + -684. Let w(m) = -m**3 + m**2 + m + 1. Let b(f) = -6*f**3 - 3*f**2 + 5*f. Let q(p) = -b(p) + 5*w(p). Calculate q(y).
5
Let r(a) = -3*a**2 - 324*a + 163*a + 160*a - a**3. Suppose -q = 1 - 2. Let p be q/(-3) - (-16)/(-6). Calculate r(p).
3
Suppose -n - 4*i = 10, 2*n + 0*n - 16 = 4*i. Let m(g) = 3*g + 0*g - g**n - 8*g - 4. Suppose -37*a = -32*a + 20. Calculate m(a).
0
Let p(t) be the first derivative of t**5/120 + t**4/12 - 10*t**3/3 - 14. Let x(s) be the third derivative of p(s). Calculate x(2).
4
Let v(s) be the first derivative of s**4/4 - 4*s**3/3 + 5*s**2/2 + 4*s + 5. Let n be v(4). Let d = n + -20. Let i(l) = l**2 - 2*l. Calculate i(d).
8
Let a(v) = 2*v**3 - 3*v**2 + 2*v - 1. Let s(k) = k**3 - 6*k**2 - 16*k + 5. Let g be s(8). Suppose -h + 8*l - 10 = 4*l, 19 = 2*h + g*l. Determine a(h).
7
Let p be 6/8 + (-208)/(-64). Suppose -y - 3*o + 6 = o, -2*y + 4 = p*o. Let f(n) = -n**2 - 3*n - 2. Give f(y).
0
Let w(q) = -4*q**3 + 7*q**2 - q + 6. Let b(k) = 1 - 5*k**3 + 2*k**3 + k**2 + 2*k**3. Let f(j) = -3*b(j) + w(j). Give f(3).
9
Let u(l) be the second derivative of l**4/12 + 3*l**3/2 - 12*l**2 + 37*l + 1. Determine u(-11).
-2
Let h(l) be the first derivative of l**3/3 - 7*l**2/2 - 13*l + 74. Give h(7).
-13
Let l = 3 - 4. Let m(y) = -6*y**3 - 4*y**2 - 10*y - 5. Let o(s) = 18*s**3 + 11*s**2 + 28*s + 14. Let u(q) = -11*m(q) - 4*o(q). Give u(l).
7
Let s(f) = -2*f**2 + 41*f - 12. Let u(m) = -m**2 + 21*m - 7. Let a(r) = -6*s(r) + 11*u(r). Determine a(14).
-19
Let t(m) = m**3 + 3*m**2 + 5*m + 10. Let r(f) = 25*f + 221. Let w be r(-9). Calculate t(w).
-26
Let u(a) = 3*a - 1. Let o(j) = 2*j - 2. Let k(i) = 7*o(i) - 4*u(i). Calculate k(8).
6
Let i = 4 + -5. Let t(o) = -o + 197*o**3 - 2*o**2 - 198*o**3 + 2*o**2. Calculate t(i).
2
Let x(k) = k**3 + 13*k**2 + 11*k - 8. Let o = -123 - -38. Let d = o - -73. What is x(d)?
4
Let v(t) = -t. Let p(c) = c. Let a = 52 + -17. Suppose -40*j + a*j = 10. Let s(d) = j*p(d) - 4*v(d). Determine s(-5).
-10
Let j(w) = -2*w - 4. Let o(i) = i. Let t(a) = -3*a + 8. Let h be t(3). Let c(q) = h*j(q) - 4*o(q). Give c(5).
-6
Suppose 12 + 6 = 2*h. Let a = 10 - h. Let k(i) = 5*i**3 + 5*i**2 - 3*i + 1. Let r(c) = -c**3. Let g(o) = a*k(o) + 6*r(o). Calculate g(4).
5
Let m(h) = 5*h**2 + 8*h + 4. Let x(o) = 7*o**2 + 8*o + 5. Let f(d) = 3*m